Let y be m(4). Let a be y/(-2 + 20/5). Suppose -a = x - 69. What is the units digit of x?
5
Let q(r) = 33044*r**2 + 621*r - 621. What is the thousands digit of q(1)?
3
Let o(d) be the third derivative of d**5/20 + 17*d**4/24 + 2*d**3/3 + 18*d**2. Let v be o(12). Suppose -2458 = -9*t - v. What is the units digit of t?
2
Suppose 2*i + 10*i - 1356 = 0. Suppose -z = 35 - i. What is the tens digit of z?
7
Let v(j) = -11*j + 23. Let l(s) = -3*s - 19. Let w be l(-3). What is the units digit of v(w)?
3
Let c = -253 + 361. Let p be 5*(14 - (-858)/(-65)). Suppose -225 = -4*o - z, -2*o - c = -4*o + p*z. What is the tens digit of o?
5
Suppose 0 = -4*q + 3*s + 158407, 2*q - 159*s + 164*s = 79171. What is the hundreds digit of q?
5
Suppose -4*c = 4*x - 44, -4*x + 67 = -c + 13. Suppose 5256 = x*v - 152. What is the tens digit of v?
1
What is the hundreds digit of 3549 + 8/14 + 6*2/(-21)?
5
Let b be (0 - -2 - 2) + -1. Let z(u) be the second derivative of 97*u**4/6 - u**3/3 + u**2/2 + 3*u + 137. What is the units digit of z(b)?
7
Suppose 2*p - 2*w = 740, 3*p + w + 328 = 1438. Suppose -5*c + z - 2*z + 1850 = 0, -c = 3*z - p. What is the tens digit of c?
7
Suppose 28*m + 6*m = -16185 + 48621. What is the units digit of m?
4
What is the thousands digit of (-1)/5 + 327560/50?
6
Suppose -4*w + 47286 = c, 4*w + 22 - 6 = 0. What is the hundreds digit of c?
3
What is the tens digit of 2 + -1 + 32658 - ((-275)/(-11) + -20)?
5
What is the tens digit of (1 + (-31419)/(-9))*(-175)/(-14)?
5
Suppose 0 = -5*z - 4*n + 31, 3*z + 0 = 4*n - 7. Suppose -5*b + 0*b = 5*w - 380, 0 = -z*w + 9. What is the tens digit of b?
7
Let s(x) = 11*x**2 + 51*x + 516. What is the thousands digit of s(43)?
3
Let n(m) = -m**3 + 17*m**2 + 39*m - 14. Let r be n(19). Suppose -2089 + 269 = -5*z + r*v, -2*z + 731 = -5*v. What is the tens digit of z?
6
Suppose -3*r - 16*i = -15*i - 15, -2*r - i = -11. Suppose -325 = 4*g + r*t - 3089, -15 = 3*t. What is the tens digit of g?
9
Suppose 2*l + 25410 = 5*a, 0 = 3*l - 8*l + 25. Suppose 0*q - 4*q = -5*m + 6342, -4*m - 2*q + a = 0. What is the hundreds digit of m?
2
Let u = -336 - -1122. Suppose 0 = -2*l + u - 418. What is the hundreds digit of l?
1
Suppose s = 3, 3*s + 2254 = z - 3832. What is the units digit of z?
5
Let z(u) = -782*u - 2010. What is the units digit of z(-35)?
0
Let k(t) be the third derivative of 23*t**4/24 + 65*t**3/6 - 35*t**2. Let c(h) = h**3 - 12*h**2 + 2*h - 17. Let f be c(12). What is the units digit of k(f)?
6
Let a(m) = 1867*m**2 - 6*m - 39. What is the units digit of a(-3)?
2
Let g = 280 + -275. Suppose -4*c = 2*k - 674, 3*c - 599 + 111 = -g*k. What is the units digit of c?
1
Let t(h) be the first derivative of -9*h**2/2 + 9*h + 45. What is the units digit of t(-13)?
6
What is the thousands digit of (-8)/(-6) + (-93791)/(-12) + (-105)/(-140)?
7
Let b be (42456/(-14))/(-6) - 3/7. What is the hundreds digit of 4/3*-1 - b/(-3)?
1
Let l(y) = 2*y**2 - 17*y - 3. Let m(a) = 2*a**2 - 16*a - 4. Let d(o) = 7*l(o) - 6*m(o). Let z be d(-7). Let t = z - -11. What is the units digit of t?
3
Let c be ((-6)/15)/((-7)/70). Let l be ((-43)/(-4) + -3)*c - 2. Let n = l + -28. What is the units digit of n?
1
What is the hundreds digit of 792/360 + 25289/5?
0
Let n = -11832 + 18244. What is the thousands digit of n?
6
Let o(g) = g**2 + g - 1. Let b(p) = 6*p**2 + 8*p + 38. Let u(k) = b(k) - 5*o(k). What is the tens digit of u(-10)?
1
What is the tens digit of (-1 + 8896)/((16 - 43)/(-27))?
9
What is the tens digit of (-1067308)/(-132) - (-10)/3?
8
Let d(o) = 2345*o**3 + 11*o**2 - 12*o - 9. What is the hundreds digit of d(2)?
7
Let y = -5631 + 7613. What is the thousands digit of y?
1
Let p = -188 - -512. Suppose 2499 = p*n - 321*n. What is the units digit of n?
3
Let n = -17 + 0. Let q be (-51)/n*2/((-4)/(-2)). Suppose -58 = q*o - 577. What is the hundreds digit of o?
1
What is the ten thousands digit of ((-24162)/8 + -2)/((-340)/5440)?
4
Let l(a) be the third derivative of -a**7/2520 + 31*a**6/720 - a**5/12 - 3*a**2. Let h(u) be the third derivative of l(u). What is the units digit of h(0)?
1
Suppose -4*a + 7694 = -434. Let u(j) = -8*j**3 - 55*j**2 + 9*j + 18. Let h be u(-7). Suppose -h*x = -12*x + a. What is the tens digit of x?
5
Suppose -2*n = -0*n + 22. What is the tens digit of (964/20)/(-2 + n/(-5))?
4
Let v(o) be the first derivative of o**3/3 - 15*o**2/2 + 2. Suppose -w - 15 = -0*z - z, z + 5*w = 27. What is the units digit of v(z)?
4
Let q = -1734 + 4755. Suppose 6*i - q = -13*i. What is the hundreds digit of i?
1
Let l(h) = -h**2 + 7*h - 4. Let x be l(6). Let p = -57 - -56. What is the tens digit of 7 + 60 + p + x?
6
Suppose 0*j = 4*j - 56. Let z(d) = -3*d**2 + 4*d**2 - 32 + 0*d**2 - j*d. What is the tens digit of z(-7)?
1
Suppose 2*q + 4*a = -a - 99, 43 = -q + 4*a. Let p = 404 - q. What is the tens digit of p?
5
Let r = -326 + 666. Suppose 7*m - r = 1277. What is the tens digit of m?
3
Let o = 29287 - 16205. What is the tens digit of o?
8
What is the units digit of (2/3*(-11638)/22 + 5)*-69?
9
Let m(v) = 2*v**2 + 4 + v**2 - 17 - 4*v**2 + 10*v. Let u be m(9). What is the units digit of -122*(u - (-2 + -1))?
2
Let h = 9429 - -21969. What is the units digit of h?
8
Let d(v) = v**3 + 43*v**2 - 67*v - 473. What is the hundreds digit of d(-38)?
2
Suppose 0 = -5*p - 5, 5*o - p = -2*p + 84. Suppose 7016 = -o*w + 30238. What is the tens digit of w?
6
Let v = -2044 + 3157. Suppose -2*f + 428 + v = j, -3*j + 3851 = 5*f. What is the units digit of f?
2
Suppose h = 12*h + 22. Let o be (-4)/(-6) - ((-29)/(-3) + h). What is the tens digit of (-23)/2*(o + 0 + -1)?
9
Let v be (464/12)/((-2)/3). Let u = v - -88. Suppose -u*x = -32*x + 54. What is the tens digit of x?
2
Let k be 2/(-3) - (-30)/(-9). Let f(u) = -3 - 5 - 2*u - 2*u. What is the units digit of f(k)?
8
Suppose 10*u - 5*u - 323064 = -9*u. What is the thousands digit of u?
3
Suppose 4*b + b - 28 = -4*p, 0 = -5*b + 20. Suppose p*t + l - 861 = 0, 4*l = -14*t + 9*t + 2145. What is the units digit of t?
3
Suppose -115*w + 40718 = 2*b - 112*w, -5*b + 4*w + 101772 = 0. What is the tens digit of b?
5
Suppose -4*a - a = -5*p + 13120, -7880 = -3*p + 5*a. Suppose -11*g + p = 9*g. What is the units digit of g?
1
What is the units digit of (-1 - 3/(-9))*(-483750)/20?
5
Let z = -6319 + 16327. What is the units digit of z?
8
Let j = -13 - -13. Suppose j = 4*s + 8 - 20. Suppose x = s*g + 132, 0 = -g - g - 6. What is the hundreds digit of x?
1
Suppose 52*n - 1999416 = -184*n + 9*n. What is the units digit of n?
8
Let n(a) = 3*a**2 + 9*a - 8. Let j = -72 + 76. Let p be ((j/5)/1)/((-48)/(-360)). What is the hundreds digit of n(p)?
1
Suppose -27*s + 15*s - 13200 = 0. Let y = s + 2076. What is the tens digit of y?
7
Suppose -14*b = -4*b - 800. Suppose -g + 5*l + b = 4*l, 156 = 2*g - l. What is the units digit of g?
6
Suppose 0 = -0*m + 5*m - 15. Suppose 4*v = 2*r - 86, r + 5*v - 71 = -0*r. Suppose -m*y + r = -60. What is the units digit of y?
7
Suppose 0 = 2*d - 2, 7*d + 70 = r + 3*d. Let h = r + -22. What is the tens digit of h?
5
What is the hundreds digit of (-7)/2*10734*1392/(-1008)?
8
Suppose 0 = 3*o + 2*o - 1295. Suppose m + 375*x = 380*x - 153, -x - 687 = 5*m. Let s = m + o. What is the hundreds digit of s?
1
Suppose t = 2*t. Suppose t = -k - 4 + 2. What is the tens digit of 808/32 - k/(-8)?
2
Let u(v) = 236*v + 841. What is the ten thousands digit of u(71)?
1
Suppose 2*n + d = -4*d + 20196, 4*n - 40360 = -2*d. What is the hundreds digit of n?
0
Suppose -3 = -3*r, 4*i = 3*r + 21978 + 2759. What is the hundreds digit of i?
1
Suppose -3*j - 2*j - 45 = 3*r, -3*j + r - 13 = 0. Let o(n) = n**2 - n + 188. Let a be o(0). Let f = a - j. What is the tens digit of f?
9
Let m = 60 - 55. Suppose -4*k + 233 = m*u - 410, -646 = -5*u - 3*k. What is the tens digit of u?
3
Suppose g - 6 + 4 = 0. Suppose g*l - 3*l + 2*n + 135 = 0, -2*n + 252 = 2*l. Suppose 10*w = 7*w + l. What is the units digit of w?
3
Let p = 71 + -66. Suppose -p = -s - 1. Suppose 4*h - 300 = -3*o - 91, -4*h + 284 = s*o. What is the units digit of o?
5
Suppose 487*g = 482*g + 3755. What is the tens digit of g?
5
Let o(i) = -1386*i + 3236. What is the thousands digit of o(-3)?
7
Suppose 31*c - 100665 = 6908 - 25733. What is the thousands digit of c?
2
Let i = 18